lculate the greatest common factor of 2296 and 20016815.
287
What is the greatest common divisor of 1006553 and 459?
17
What is the greatest common divisor of 24822 and 12009711?
4137
Calculate the greatest common factor of 1134 and 17677080.
18
Calculate the greatest common divisor of 240942 and 69607526.
6178
Calculate the greatest common divisor of 31968 and 56780496.
5328
Calculate the greatest common factor of 5 and 10197505.
5
What is the highest common divisor of 724 and 21079984?
724
What is the highest common factor of 410124 and 157872?
1716
What is the greatest common factor of 2812 and 173456?
148
What is the highest common factor of 1266 and 275607?
3
Calculate the highest common factor of 59749 and 179648.
401
Calculate the highest common factor of 249 and 845835653.
83
What is the highest common factor of 308390976 and 992?
992
What is the greatest common divisor of 2992808 and 108472?
728
What is the greatest common divisor of 219007 and 13226?
389
What is the greatest common factor of 349751 and 715703?
953
What is the greatest common factor of 6475197 and 611067?
1761
Calculate the greatest common factor of 125507960 and 360.
40
What is the highest common divisor of 1264 and 68349852?
316
What is the greatest common factor of 15 and 28130430?
15
What is the greatest common factor of 66481228 and 18546?
6182
Calculate the highest common divisor of 9544 and 38383582.
2386
Calculate the greatest common factor of 189 and 39578.
7
What is the greatest common factor of 524 and 1756186?
262
Calculate the highest common factor of 4953216 and 34176.
384
Calculate the highest common factor of 11901510 and 16920.
90
Calculate the greatest common divisor of 564145 and 2720.
85
What is the greatest common divisor of 173 and 3049471?
173
Calculate the highest common factor of 602837 and 578.
17
What is the greatest common factor of 38316 and 108?
12
What is the greatest common divisor of 4476 and 18536608?
1492
What is the greatest common factor of 1590 and 224391135?
795
What is the greatest common factor of 3125535 and 22660?
515
Calculate the greatest common divisor of 180 and 5933940.
60
Calculate the highest common divisor of 25691680 and 145.
145
What is the highest common divisor of 2430 and 1257480?
90
Calculate the highest common factor of 2616420 and 15.
15
Calculate the highest common divisor of 10960 and 101351230.
1370
Calculate the highest common factor of 331452 and 4023.
27
What is the highest common factor of 17113 and 53955?
109
What is the greatest common divisor of 37 and 130298238?
37
What is the greatest common divisor of 110113493 and 11571?
3857
What is the greatest common factor of 448328 and 1584?
8
Calculate the greatest common divisor of 28784649 and 747.
249
What is the highest common divisor of 18 and 4248954?
18
What is the greatest common factor of 47700 and 342274?
106
Calculate the highest common factor of 83380528 and 1232.
1232
Calculate the highest common divisor of 365217 and 78842.
79
Calculate the greatest common divisor of 65338 and 5418028.
5026
What is the greatest common divisor of 3459412 and 19316?
44
Calculate the greatest common factor of 1800629 and 120901.
379
What is the highest common factor of 1558 and 2267403?
19
Calculate the highest common divisor of 70592 and 8988347.
1103
What is the highest common divisor of 2068666 and 1702?
46
What is the highest common factor of 4495 and 15425100?
145
Calculate the greatest common factor of 37948 and 2652544.
212
Calculate the highest common divisor of 96 and 19749168.
48
Calculate the highest common factor of 3152776 and 10648.
968
Calculate the greatest common factor of 23513 and 483.
7
What is the highest common divisor of 18 and 459234?
18
Calculate the highest common divisor of 160 and 8286568320.
160
Calculate the highest common factor of 1385 and 9005824.
277
Calculate the highest common factor of 48 and 319432.
8
Calculate the highest common divisor of 5061 and 25911597.
723
What is the highest common factor of 78883335 and 15660?
3915
What is the highest common factor of 598 and 497489655?
299
What is the greatest common factor of 5031675 and 187?
11
Calculate the greatest common factor of 43659107 and 497.
71
What is the greatest common factor of 23201719 and 47567?
3659
What is the highest common divisor of 75038334 and 342?
114
What is the greatest common divisor of 18040409 and 8259?
2753
What is the greatest common factor of 1743 and 47149395?
249
Calculate the highest common divisor of 88 and 11361009.
11
Calculate the greatest common factor of 46359792 and 29488.
1552
What is the greatest common divisor of 32586256 and 6032?
464
What is the greatest common factor of 63174209 and 2233?
203
What is the highest common divisor of 9808 and 2695361?
613
Calculate the greatest common divisor of 1584 and 128672280.
792
Calculate the highest common divisor of 2559830 and 3185.
455
What is the highest common factor of 22355571 and 9576?
399
Calculate the highest common divisor of 100580 and 3206340.
940
What is the highest common divisor of 125 and 74806150?
25
What is the greatest common factor of 2054943 and 37?
37
Calculate the highest common factor of 11983620 and 25460.
1340
What is the highest common divisor of 655 and 353905408?
131
Calculate the highest common factor of 128961 and 15183.
63
Calculate the highest common factor of 1211639034 and 276.
138
Calculate the greatest common factor of 29264 and 696880.
496
What is the highest common divisor of 29856387 and 2796?
699
Calculate the highest common factor of 462024 and 10152.
216
Calculate the greatest common factor of 1309651 and 2128.
133
What is the greatest common factor of 10689 and 94773?
21
What is the highest common factor of 7152776 and 136?
8
Calculate the greatest common divisor of 11544 and 13553544.
888
Calculate the highest common factor of 755 and 1054433.
151
What is the greatest common factor of 4329 and 44486802?
333
What is the highest common divisor of 5950 and 3043850?
850
What is the greatest common factor of 10888247 and 82?
41
Calculate the highest common factor of 81 and 201028797.
81
Calculate the greatest common factor of 643680 and 466560.
4320
What is the highest common factor of 645414 and 1023?
33
Calculate the greatest common divisor of 974935 and 84747.
689
What is the greatest common factor of 1096254 and 3636?
1818
Calculate the highest common factor of 11119260 and 255.
15
Calculate the highest common factor of 125285215 and 990.
55
Calculate the greatest common divisor of 881001 and 1017.
9
Calculate the greatest common divisor of 82272 and 11541219.
2571
Calculate the highest common divisor of 17922 and 53012.
58
What is the greatest common factor of 68419005 and 255?
15
What is the greatest common factor of 5389 and 139487291?
317
Calculate the greatest common divisor of 311610 and 69668805.
11985
Calculate the highest common divisor of 539904 and 10855023.
2109
What is the greatest common divisor of 546 and 11798241?
273
Calculate the highest common factor of 361130 and 5092670.
7370
Calculate the highest common factor of 49791 and 434658.
21
Calculate the highest common divisor of 642204 and 2188.
4
What is the highest common factor of 2234128 and 7360?
368
Calculate the greatest common factor of 4150 and 358190650.
4150
Calculate the highest common factor of 567 and 13474314.
63
What is the highest common divisor of 287 and 11212024?
41
What is the highest common factor of 328 and 2007442?
82
Calculate the greatest common factor of 2566764 and 1308.
12
Calculate the highest common factor of 20319012 and 262332.
756
Calculate the highest common factor of 149178372 and 56.
28
Calculate the highest common factor of 1598841 and 83367.
531
What is the highest common factor of 3428 and 55128239?
857
What is the greatest common factor of 203010 and 103850?
670
Calculate the highest common factor of 4 and 1363990.
2
Calculate the greatest common factor of 3675 and 946904175.
3675
What is the highest common factor of 5831322 and 378?
42
Calculate the highest common divisor of 8130 and 1875.
15
Calculate the greatest common divisor of 19716 and 347200.
124
What is the highest common divisor of 8432 and 12298196?
124
What is the highest common